*5/60 - c**4/12 - c**3/3 - 6*c**2. Let m be z(4). What is the highest common factor of 6 and m?
6
Let c be (2*-2)/((-3)/21). What is the greatest common divisor of 14 and c?
14
Let f be 14/(1/(11 - 2)). Suppose -35 = -5*g + 70. Calculate the greatest common divisor of f and g.
21
Suppose b = -2*b + 30. Calculate the highest common factor of b and 10.
10
Suppose 0 = -2*y + 6*y - 40. Suppose 374 = 4*t + y. Suppose 8 = -2*a, -5*l = -0*l - a - 69. What is the greatest common divisor of l and t?
13
Let o(v) = -v**3 + 6*v**2 + 7*v + 2. Let c be o(7). Suppose c*w - w = 5. Suppose 5*a - 25 = -0. What is the greatest common factor of w and a?
5
Suppose 0 = 5*l - l - x + 11, l - 7 = -3*x. Let s(h) = -2*h**2 - 6*h - 3. Let t be s(l). What is the highest common factor of 5 and t?
1
Suppose 2*w + 2 = -2*k, 4*w + 5 = -k + 2*w. Let f = k - -17. What is the greatest common divisor of 10 and f?
10
Let d = 244 - 34. What is the greatest common factor of d and 84?
42
Suppose -5*h = b - 30, -2*h = -3*h. Let p = -68 + 88. What is the greatest common factor of p and b?
10
Let h = -1 - -1. Suppose m + h*m - 8 = 0. Let d be 54/m*28/7. Calculate the highest common factor of d and 18.
9
Let q(d) = 17*d**2 + 2*d - 9. Let t be q(2). Let r = -24 - -66. What is the highest common divisor of r and t?
21
Let s(a) = a + 1. Suppose 0 = -m - 4*m + 140. Suppose k + 3*k = m. Let f be s(k). Calculate the greatest common divisor of 40 and f.
8
Suppose s - 8 = 4*o - 5*o, 0 = -o + 3*s. Calculate the highest common divisor of o and 66.
6
Suppose 23 = 5*d + 3*a, -10 = -2*d + 3*a - 4*a. Let c = 126 + -77. Calculate the greatest common divisor of d and c.
7
Let w = -13 + 35. Let y be -3*11*12/18. Let u be 1/(42/y - -2). Calculate the highest common factor of u and w.
11
Suppose -2 = 4*j - 302. Suppose 0 = 4*d - 69 + 9. Calculate the greatest common divisor of d and j.
15
Let p(q) = q**3 + 7*q**2 - q. Let k be p(-7). Let g = 30 + -16. Calculate the greatest common divisor of g and k.
7
Let w = 178 - 53. Suppose 5*q + c + 71 = -223, q - 3*c + 62 = 0. Let o = w + q. What is the greatest common divisor of 6 and o?
6
Suppose -3*q - n + 2*n + 37 = 0, 5*q - 2*n - 62 = 0. What is the highest common factor of 12 and q?
12
Let c = 141 - 78. Suppose 0 = v - 3*q - c, 2*v + q - 141 = 2*q. Suppose -4*h + 36 = -0*h. Calculate the highest common factor of v and h.
9
Let m = 1 - -5. Let g(o) = 5*o**2 + 2*o - 1. Let t be g(1). Let s = -2 + t. What is the highest common divisor of m and s?
2
Let g(f) be the third derivative of f**5/30 - f**4/6 + 4*f**3/3 - 8*f**2. Let m be g(5). Calculate the highest common factor of m and 95.
19
Suppose 2*b - 4 = 20. Suppose 0*j = j - b. Suppose -4*x - 80 = -2*w, 4*w + x = 2*x + 125. Calculate the greatest common factor of j and w.
6
Let p be (-8)/(-10) + 1512/60. Calculate the greatest common divisor of 234 and p.
26
Let y(r) = 13*r - 11. Let g be y(2). What is the highest common factor of g and 45?
15
Suppose 81 - 6 = -g. Let s be g/(-6) - (-1)/(-2). Calculate the highest common factor of 12 and s.
12
Suppose 25*r + 15 = 28*r. Suppose 4*t + 33 + 89 = 2*v, -4*t - 12 = 0. What is the highest common divisor of r and v?
5
Let u be -1 + 2 - 1/(-1). Let b = 43 - 22. Let k be 469/b + 1/(-3). What is the highest common divisor of k and u?
2
Let m(v) be the first derivative of v**4/4 + 8*v**3/3 - 6*v**2 + 3*v - 2. Let j be m(-9). What is the highest common divisor of 5 and j?
5
Suppose -5*d = -510 + 120. Suppose 19 = 2*p - p + 3*r, d = 5*p - 2*r. Calculate the greatest common factor of p and 8.
8
Suppose -5*v + v = -72. What is the highest common divisor of v and 126?
18
Let t be 1 - (3 - 2)*-1. Let x = -19 + 13. Let n = -5 - x. What is the highest common divisor of t and n?
1
Suppose 0*n + 2*n = 2*z + 14, 2*n + 3*z = -11. Let i be ((-16)/18)/((-3)/18)*3. Calculate the highest common factor of n and i.
2
Let f(i) = -i - 9. Let y be f(-13). Let p be (-4)/(-6) - 20/(-15). Suppose 140 = p*o + 3*o. Calculate the greatest common factor of o and y.
4
Let f be 16*(-92)/24*-3. Calculate the highest common divisor of f and 46.
46
Let i = 14 + -9. What is the greatest common divisor of i and 20?
5
Let g be -1*(3 - 2) + 25. What is the highest common divisor of 216 and g?
24
Let g(i) = 2*i**2 - i + 2. Let o be g(2). What is the highest common divisor of 88 and o?
8
Let t(q) = -2 + 12*q + 2*q**3 - q**3 + 5*q**2 - 10*q. Let d be t(-4). Calculate the highest common divisor of 66 and d.
6
Let x(p) = p**3 - 6*p**2 + 7*p - 2. Let f be x(5). What is the greatest common factor of 88 and f?
8
Suppose 3*t = 2*j - 28, j = 3*t - 8*t + 27. Let v = j - 1. Calculate the greatest common divisor of v and 80.
16
Suppose 4*w - 24 = 3*u - 2*u, 2*w - 5*u = 30. Suppose -4*y + w*n + 52 = 21, 2*y - 5*n = 23. What is the greatest common factor of 4 and y?
4
Let u be 67/4 - (-6)/24. Suppose -u = z - 2*z. Let d(a) = -5*a + 2. Let r be d(-3). What is the highest common factor of r and z?
17
Suppose 194 + 142 = 3*m. What is the greatest common factor of 16 and m?
16
Let a be -2 - (2 - 1)*-8. Let q be ((-18)/2)/(a/(-8)). Suppose 3*c = -3*w - q, 2*c + 10 = -5*w - c. What is the highest common divisor of 2 and w?
1
Let l(c) = c**3 - 2*c**2 + c - 4. Let j be l(3). What is the greatest common factor of j and 2?
2
Let f(h) = 162*h**3 - h**2 + 1. Let g be (-1 - -4)*(-6)/18. Let c be g - (-5 - -2 - -1). Let x be f(c). Calculate the highest common divisor of 18 and x.
18
Let w(z) be the third derivative of -z**6/120 + z**5/10 + z**4/3 + z**2. Let n be w(7). Suppose -2*r = -83 - 29. What is the highest common divisor of n and r?
7
Let p = 19 + -4. What is the highest common factor of 15 and p?
15
Suppose 4 = -2*u + 2. Let x = 0 - -21. Let a = u + x. What is the highest common divisor of a and 50?
10
Suppose 2*m + o - 24 = 0, m + 0*m - 3*o = 19. What is the highest common divisor of m and 26?
13
Let c = 8 + 1. Let p be -2 + 1 + -4 + 4. Let i be (4/(-16))/(p/4). Calculate the greatest common divisor of i and c.
1
Suppose -3*g - 5*u = -5*g + 35, 4*g - 3*u - 63 = 0. What is the greatest common factor of g and 135?
15
Suppose -3*w - o + 206 = -3*o, -5*w = 4*o - 314. Suppose 2*d + 2*v - w = v, 165 = 5*d + 3*v. What is the highest common factor of d and 11?
11
Suppose -3*x + 42 = -0*x. Calculate the highest common divisor of 14 and x.
14
Let c(a) = -3*a. Let y be c(-1). Let l(u) = -2*u**2 - 12*u + 6. Let j be l(-6). Calculate the highest common factor of y and j.
3
Suppose 175 = 5*g - 4*g. What is the greatest common divisor of 50 and g?
25
Suppose 4 = -d + 3*d. Suppose -3*r + 2*w + 180 = 5*w, 5*r - d*w - 265 = 0. Suppose 15 = s - r. Calculate the greatest common factor of s and 28.
14
Let k(l) = -7*l. Suppose -2*v + 23 = -1. Let q(c) = 18*c. Let w(p) = v*k(p) + 5*q(p). Let x be w(6). What is the greatest common divisor of 9 and x?
9
Let y(j) = j**2 - 12*j + 13. Let m be y(14). Calculate the highest common factor of 41 and m.
41
Suppose 5*s - 4*b = 1912, 0 = s + 3*b + 2*b - 394. Let n = s - 223. Suppose 3*p = 2*f - 3*f + 70, p = -3*f + 26. What is the greatest common divisor of n and p?
23
Let v = 17 + 4. Suppose -30 = -4*r - p, -4*r = 5*p - 26 - 12. Let c = v - r. Calculate the highest common divisor of 2 and c.
2
Let w(i) = -140*i**3 - i**2 + 1. Let y be w(1). Let g = y - -56. Let l be (1/(-2))/(3/g). What is the highest common divisor of 42 and l?
14
Suppose 3*s = 3*w + 21, -w = w + 4. What is the greatest common divisor of 5 and s?
5
Suppose 4*h + j - 17 = 0, -h + j + j + 2 = 0. Let n be 16/3 - (-2)/(-6). Let v be 81/n + (-1)/5. What is the greatest common factor of v and h?
4
Suppose 0 = -n + 3*x + 15, 4*n - x - 21 = 17. Calculate the highest common factor of 81 and n.
9
Let m(w) = -w**3 + 9*w**2 - 8*w + 10. Let y be m(8). Suppose 5*u - 10 = -4*i, 1 + 1 = u. Let x = i - -10. What is the highest common factor of x and y?
10
Let l(f) = f**3 - 9*f**2 + 10*f - 4. Let m = -2 + 10. Let g be l(m). Suppose -91 = 4*u - 619. Calculate the greatest common divisor of u and g.
12
Let v be (-15)/20 - 171/(-4). What is the greatest common factor of v and 28?
14
Let d(y) = y**2 + 4*y - 9. Let s be d(-6). Calculate the highest common factor of s and 9.
3
Suppose 0 = 2*f - t - 4 - 28, -3*f - 2*t + 48 = 0. Calculate the greatest common factor 